t j = 104 + -92. List the prime factors of (-12)/8 - (-690)/j.
2, 7
Suppose -v + 4*v = 12, -4*u - 2*v + 780 = 0. List the prime factors of u.
193
Let q(w) = -w**3 + w. Let o(c) = 7*c**3 - 2*c**2 - 6*c - 1. Let a(u) = o(u) + 4*q(u). List the prime factors of a(2).
11
Suppose -2*u - 36 = 5*b, -5*b - 5*u = -4*u + 33. What are the prime factors of (4/(-2))/(b/147)?
7
Let m(k) = -3*k**3 + 2*k - 1. Let w be 3 - (-5 - -2 - -3). Let l = w + -5. What are the prime factors of m(l)?
19
Let o = 44 + -48. Let n(u) = -u**3 - 2*u**2 + 3*u + 13. List the prime factors of n(o).
3, 11
Let q = 353 + -222. What are the prime factors of q?
131
Suppose -4*q = 4*p - 12, -q - 31 = -6*q - p. Let z = 51 - q. What are the prime factors of z?
2, 11
Let w be 3 - (-34 + (-12)/3 + 3). Suppose 2*k = -4*g + 92, -29 = -3*g - k + w. List the prime factors of g.
3, 7
Let t(u) = 22*u - 77. List the prime factors of t(19).
11, 31
Let z be (-3)/15 - 4/(-20). Let p = -3 + z. Let y = 30 - p. List the prime factors of y.
3, 11
Suppose 38 = -o + 48. List the prime factors of (-6)/o + ((-3092)/(-20) - 4).
2, 3, 5
Let m = 29 - 27. Let w(t) = 23*t - 5. List the prime factors of w(m).
41
List the prime factors of (64 - -28)/(1/2).
2, 23
Let o = 2 + 1. Suppose -2*a - 3*c + 144 = 2*c, -o*a = 2*c - 227. What are the prime factors of a?
7, 11
Let v(a) = -7*a**3 - 5*a**2 - 3*a + 1. Let n be v(-4). Let r = n + -216. What are the prime factors of r?
3, 5, 11
Suppose -4*y - 40 = -248. Let v(t) = -t**2 - 1. Let o be v(-5). Let s = o + y. What are the prime factors of s?
2, 13
Let s be 2 + 2/(-4)*(2 - 4). Suppose 8*o = 131 - s. List the prime factors of o.
2
Let a(u) = 5*u**3 + u**2 - 4*u - 4. Suppose 4*r - 2*n - 8 + 2 = 0, 4*n = -2*r + 18. What are the prime factors of a(r)?
2
Let j = 4048 - 2046. List the prime factors of j.
2, 7, 11, 13
Let j = -420 + 1953. List the prime factors of j.
3, 7, 73
Let p(y) = 616*y - 71. List the prime factors of p(5).
3, 17, 59
Suppose -10*g + 521 + 3489 = 0. What are the prime factors of g?
401
Let m(k) = 36*k**2 - 3*k - 13. List the prime factors of m(-3).
2, 5
Suppose 4*y = 8, 2*v + y = v + 32. Suppose v = r - 4*g - 0, 25 = -5*g. Let d(o) = 2*o + 7. What are the prime factors of d(r)?
3
Let v(y) = -y - 7. Let x be v(-16). Suppose x = 4*p + p + 3*w, 0 = p - w - 5. Suppose -2*i = -1 - p. List the prime factors of i.
2
Let c = -679 - -1250. List the prime factors of c.
571
What are the prime factors of (5985/(-25))/(-7)*15?
3, 19
Let y(x) = -9*x**3 + 32*x**2 - 13*x - 8. What are the prime factors of y(-5)?
2, 991
Suppose 2*g - 5*s = -6 - 0, 0 = 2*g + 4*s - 12. Let h(t) = 2*t**3 + 3*t + 1. What are the prime factors of h(g)?
23
Let y(k) be the first derivative of k**4/4 + 11*k**3/3 - k**2/2 - 2*k + 3. Let a be y(-11). Let n(c) = -c**2 + 11*c + 3. What are the prime factors of n(a)?
3, 7
Suppose 5*x - 105948 = -49*x. List the prime factors of x.
2, 3, 109
Let q(r) be the second derivative of 11*r**6/720 - r**5/60 + 5*r**4/12 - 5*r. Let j(n) be the third derivative of q(n). What are the prime factors of j(3)?
31
Let l(h) = h**3 - 8*h**2 + 6*h + 12. Let y be l(6). What are the prime factors of (y/(-9))/((-2)/(-108))?
2, 3
Let h(u) = -20*u**3 + u**2. Let p be h(-2). Let s = 154 - 152. Suppose -s*i - 2*i = -p. What are the prime factors of i?
41
Let o be (51/12)/(3/36). Suppose -3*z + 36 = -o. List the prime factors of z.
29
Suppose 0 = 3*l + 6, -f + 7*l + 26 = 3*l. Let i = f - 0. What are the prime factors of i?
2, 3
Suppose -u + 2*u = 9. Suppose -56*v = -60*v + z - 26, -12 = v - 3*z. What are the prime factors of v/u - (-1182)/18?
5, 13
Let h(z) = 48*z**2 + 2*z - 3. Let o be h(1). Let s = -25 + o. List the prime factors of s.
2, 11
Let j be (-1 - 1)*(-1)/(-1). Let q be -1*(1 + j - 8). Let v = -5 + q. List the prime factors of v.
2
Suppose -2*i - 4 = -5*q, -q + 8 = -4*i - 6*q. Let m be i/(-3) - 2/3. List the prime factors of (-84)/(-8)*(4 + m).
2, 3, 7
Let a(x) = -x**2 + 8*x - 9. Let i be a(7). Let p be i - (-20)/(-8)*-2. Suppose p*j - 4*l = -5*l + 50, -4*l = 3*j - 38. List the prime factors of j.
2, 3
Let g be (-6)/(-4)*(16/(-6))/(-1). Let z = 61 - g. List the prime factors of z.
3, 19
What are the prime factors of 3640 + (9 - 37)/4?
3, 7, 173
Let r(h) = h**3 - 2*h**2 - 5. Let a(s) = -s + 13. Let q be a(9). What are the prime factors of r(q)?
3
Let w = -63 + 91. Let j = 44 - w. Suppose 7*x - 5*x = j. List the prime factors of x.
2
List the prime factors of 430/(-3)*3060/(-120).
5, 17, 43
Let b = 28 - 26. Suppose -b*d + 4*z = -120, 4*d - 9*d + 2*z + 260 = 0. What are the prime factors of d?
2, 5
Suppose q = -2, 0*u = -u - 5*q. Let f = u + 41. List the prime factors of f.
3, 17
Let n(u) = -u**3 + 18*u**2 + 23*u + 5. What are the prime factors of n(19)?
3
Suppose 5*u - 1186 = -3*q, -332 = -3*u - 2*q + 380. Suppose 8*z - 2156 = -u. What are the prime factors of z?
2, 3, 5
Let a(i) = i**2 - 6*i - 8. Let l be a(7). Let w = 3 - l. Suppose w*u + 77 = 2*b - u, -5*b - 2*u = -120. List the prime factors of b.
2, 13
Let a = -8 - -9. Suppose -4*y = z - 3*y + a, -z + 1 = -y. Suppose -4*p - p + 100 = z. List the prime factors of p.
2, 5
Let h(r) = 55*r**2 + 19*r + 153. List the prime factors of h(-7).
3, 5, 181
Let p(f) be the third derivative of -f**6/120 + 7*f**5/60 + 5*f**4/12 + 13*f**3/6 + 9*f**2. List the prime factors of p(8).
29
Let p(k) = 49*k + 2. Let f be p(-11). What are the prime factors of 4/(-6) + f/(-9)?
59
Suppose 0 = -5*j + 78 + 72. Suppose 4*k + 0 + 4 = 0. List the prime factors of k + -2 + j/2.
2, 3
Suppose -8*s = -6*s - 2. Let i(k) = 68*k + 1. List the prime factors of i(s).
3, 23
Suppose -96 = -4*l + 7*l. Let m = l - -21. List the prime factors of m/(-44) + 127/4.
2
What are the prime factors of ((-3)/(-3) + -12)*(-13 - 76)?
11, 89
Suppose 26*k = -7*k + 17853. List the prime factors of k.
541
Let k(l) = 203*l + 41. What are the prime factors of k(4)?
853
Let z = -46 + 47. Let m(k) = 15*k - 1. List the prime factors of m(z).
2, 7
Let s = 15 + -10. Suppose -2*f = s*k - 688 - 8, 3*k + 5*f = 429. Suppose -66 = -3*i + k. What are the prime factors of i?
2, 17
Let w(x) = x + 26. What are the prime factors of w(21)?
47
Suppose -7*j = 21*j - 13384. List the prime factors of j.
2, 239
Let s be (0 + 3/6)*24. Let a = 15 - s. List the prime factors of a/(3*(-3)/(-27)).
3
Let p be (-7)/7*(-12 - 1). Suppose 0 = p*q - 10*q - 147. List the prime factors of q.
7
Let r(x) = 9*x**3 - 2*x**2 - x - 1. Let l be r(2). Let v = l + 27. List the prime factors of v.
2, 11
Let h(u) = -u**2 - 15*u - 10. Let q be h(-14). Suppose -q*v = -3*j + 267, -2*v = -5*v. What are the prime factors of j?
89
Suppose -6*o = -9*o - 6. Let v(u) = -1587*u - 184. Let h(a) = 26*a + 3. Let s(i) = -184*h(i) - 3*v(i). What are the prime factors of s(o)?
2, 23
Let o(d) = 22*d**3 + 2*d**2 - 2*d + 1. Suppose 3*j = -0*j - 27. Let k = j - -10. What are the prime factors of o(k)?
23
What are the prime factors of (110/(-3))/((-25)/450)?
2, 3, 5, 11
Let x be ((-8)/(-2) + -2)/(20/4310). Let y = -292 + x. What are the prime factors of y?
139
Suppose 5 = -n + 5*y, 2*n = 3*n - 4*y + 3. Let u(h) = h**2 + 2*h**3 - 5 - n*h - 2*h**2 - 2*h**2. What are the prime factors of u(4)?
5, 11
Let v be (-2)/4*(4 + 6). Let q(i) = 2*i + 19. Let m(n) = -2*n - 19. Let a(z) = v*m(z) - 4*q(z). What are the prime factors of a(0)?
19
Suppose -26736 = -206*o + 198*o. What are the prime factors of o?
2, 3, 557
Suppose -c = -0*c - 1397. List the prime factors of c.
11, 127
Let k(w) be the first derivative of w**3/3 - 19*w**2/2 - 43*w - 49. What are the prime factors of k(24)?
7, 11
Suppose 0 = 5*t - 5*h - 6 - 4, 3*t + 2*h = 16. Let u be -1*(-36)/8*t. Let m = 47 - u. List the prime factors of m.
29
Let k be 22/8 - (-15)/(-20). Suppose 144 = -r + k*r. List the prime factors of r/4 - (0 + 2).
2, 17
Let m(h) = -h**3 + h**2 - h - 9. Let k be m(-3). Suppose -k = -7*q + 4*q. What are the prime factors of q?
2, 5
Let z be -2 + (-195 - -1)/(-2). Let t = 299 - z. What are the prime factors of t?
2, 3, 17
Let c = 329 - 233. What are the prime factors of c?
2, 3
Let v = 46 - 43. Suppose v*l = 7*l - 20. What are the prime factors of l?
5
Let d be (-1 - 7)*(-1 + 28/16). List the prime factors of (-3)/d*-2 - (-299 + 5).
293
Suppose -2*k = a - 1064, -3*a - 4*k =